ist the prime factors of o(y).
2, 5, 19
Let i = 15730 + -1288. What are the prime factors of i?
2, 3, 29, 83
Suppose 5*c + 48 = c. Let y(h) = 2*h + 21. Let b be y(c). Let x(r) = 11*r**2 + 3*r + 1. List the prime factors of x(b).
7, 13
Suppose 2 = 3*y + y + 3*k, 4*k + 16 = 4*y. Suppose -5*q + y*l + 78 = 0, -5*q + 5*l = -16 - 74. Suppose -15*d + 24 = -q*d. What are the prime factors of d?
2, 3
Suppose 32*a - 43377 = -4*w + 31*a, -w + a = -10843. What are the prime factors of w?
2, 2711
List the prime factors of (1 - 1) + (-3 - (-60)/12) - -10769.
10771
Let q(n) = 136*n**2 + 177*n + 3471. What are the prime factors of q(-20)?
54331
Suppose 114 = -78*k + 348. Suppose -2*d = -0*d - 302. Suppose 5*b = 5*q + 625, -4*b - k*q + d + 335 = 0. What are the prime factors of b?
3, 41
Let r(k) = -k**3 + 31*k**2 - 10*k + 7. List the prime factors of r(18).
7, 577
Let f(h) = 28*h + 8. Let p(s) = -10*s**3 - s - 1. Let m be p(-1). List the prime factors of f(m).
2, 3
Suppose 0 = 9*q + 164 - 812. Suppose 0 = 16*t - 17*t + q. What are the prime factors of t?
2, 3
Let f = -13233 + 47141. What are the prime factors of f?
2, 7, 173
Suppose 281 - 98 = -61*y. Let z(c) = -9*c + 6. Let g(h) = 45*h - 30. Let j(k) = 4*g(k) + 22*z(k). What are the prime factors of j(y)?
2, 3, 11
Let a be -1 + -2 + 2 - 26/(-2). Let r be (5/(-4))/(4 + (-51)/a). Suppose 0 = -r*k - 5*h + 1065, 3 + 6 = -3*h. What are the prime factors of k?
2, 3
List the prime factors of 34861 - (8 - 6)/(8/40).
3, 11617
Let p(y) = 3*y. Let i = 255 - 254. List the prime factors of p(i).
3
Let x = -6487 + 7714. List the prime factors of x.
3, 409
Let h = -12 - -15. Suppose -4*n = -2*r + 90, 130 = h*r + 5*n - 10*n. Suppose 5*c + 19 = 3*b, 4*c + 1 = 5*b - r. List the prime factors of b.
2
Let r = -93 + 99. Suppose q - r*p = -2*p - 1, 4*q - 3*p = 9. Suppose -4*o + q*s = 66 - 213, -2*o + 3*s = -81. What are the prime factors of o?
3, 11
Let u(i) = -3256*i + 1624. What are the prime factors of u(-5)?
2, 3, 373
Suppose 269*v + 83*v - 12465099 - 9241333 = 0. What are the prime factors of v?
2, 11, 2803
Suppose x + 2*m = 2792, 5*m - 3599 = -x - 825. What are the prime factors of x?
2, 701
Let y = 36 + 0. List the prime factors of (162/2)/(y/24).
2, 3
Suppose -3*v + 3 = f - 9, 0 = 5*f - 5*v - 60. Suppose 0 = -f*q + 21*q - 18. Suppose -q*u + 117 = -215. What are the prime factors of u?
2, 83
What are the prime factors of (-25 - 1446054/(-170))*(-10)/(-4)?
7, 13, 233
Let s = 22541 - 9367. List the prime factors of s.
2, 7, 941
Let g = -172 - 671. Suppose 79*z = 73*z - 3594. Let y = z - g. List the prime factors of y.
2, 61
Suppose -9*o = -13819 - 13127. List the prime factors of o.
2, 3, 499
Let n(f) = f**3 + 6*f**2 - 8*f - 4. Let w be n(-7). Let t(k) = -k**3 - 25*k - k**2 - w + 15*k + 5*k**2 + 11*k. What are the prime factors of t(2)?
7
Let f(h) = -32*h - 336. Let g be f(-12). Suppose -62*d + 7280 = -g*d. What are the prime factors of d?
2, 5, 13
Let t(f) = 2*f + 26. Let w be t(-9). Suppose -w*x - 1 = -7*x. List the prime factors of 138 - (-3 - 0 - x).
2, 5, 7
Let l = -372 - -372. Suppose 3*m - 720 = -l*i + 2*i, 5*m = -3*i + 1181. What are the prime factors of m?
2, 7, 17
Suppose -5*m - 4*v = 28626, -m + v - 5718 = -0*v. What are the prime factors of (m/(-16) - 1) + 9/24?
3, 7, 17
Let r(w) = -32*w - 12. Let d(s) = s**3 + 6*s**2 - 16*s. Let g be d(-8). Suppose -2*p - 5 - 5 = g. What are the prime factors of r(p)?
2, 37
Let w = -1507 - -1063. Let d = 663 + w. What are the prime factors of d?
3, 73
Let k be (-5)/((-30)/64) - 1/(-3). Suppose 478 = 13*l - k*l. Suppose 68 = 4*c + 5*j - l, 4*j - 63 = -c. List the prime factors of c.
83
Suppose 3*o - 4*k - 32628 = 0, 28*k + 10838 = o + 33*k. What are the prime factors of o?
2, 11, 13, 19
Let b = 128740 - 54071. What are the prime factors of b?
7, 10667
Suppose 5*c + z = 5202, -3*c = -0*z - 5*z - 3110. Suppose 5*x - c = 835. Suppose -3*m + x = 2*a, 2*m = 2*a + m - 387. List the prime factors of a.
2, 3
Suppose 2*r = -p, 25 = -5*p + 4*r + 39. Let x(k) = 151*k**3 + 9*k**2 - 10*k + 11. List the prime factors of x(p).
5, 13, 19
List the prime factors of ((-4)/(-12))/(7/1174971*7).
7993
Suppose 435 = -10*z + 11*z. Let g = 1375 - z. What are the prime factors of g?
2, 5, 47
Suppose -4*z + 0 = -3*p - 76, -3*z + 5*p = -68. List the prime factors of ((-34)/z - -2) + (-25780)/(-160).
7, 23
Let y(x) = 7*x**3 - 2. Let j be y(-2). Let n = j - -68. List the prime factors of (-9)/(-3)*n/3.
2, 5
Suppose -3*s - 1 = -2*c, -c = 2*c + 3*s - 39. Suppose -13*o + c*o = -5900. Suppose -7*k - 256 = -o. What are the prime factors of k?
2, 3, 11
Let l = 5360 + -419. List the prime factors of l.
3, 61
Let j = -27 + 53. Suppose 3*g + j = 74. List the prime factors of (-2)/(-8) + 428/g.
3
Let x = -43725 - -68539. What are the prime factors of x?
2, 19, 653
Let t(a) = 8*a + 25. Suppose 5*r = 2*d - 87, 2*r = 2*d - 0*d - 102. Suppose 0 = -55*i + d*i - 12. List the prime factors of t(i).
11
Suppose -11*a = -4*a - 21. Suppose t - 6*z - 23 = -z, 2*t = -a*z + 111. Let p = 59 - t. List the prime factors of p.
11
Let z(d) = -2*d - 46. Let c(n) = n + 23. Let t(x) = 13*c(x) + 6*z(x). Let k be 57/2*((-352)/48 + 8). What are the prime factors of t(k)?
2, 3, 7
Let k(i) = 60*i**2 + 4*i + 7. Let c be k(-4). Let r = c + -605. Suppose 6*a - a = 5*o + 355, -2*o - r = -5*a. What are the prime factors of a?
2, 17
Suppose -48559 = -22*t + 12032 + 10359. List the prime factors of t.
3, 5, 43
Let i(w) = 3*w + 1. Let r be i(3). Let b = 15 - r. Suppose 127 = 3*h + j, 4*h - b*j - 95 = 87. List the prime factors of h.
43
Let d(w) = 15*w**2 + 45*w - 440. List the prime factors of d(11).
2, 5, 11, 17
Suppose -5*p = -25*p + 15100. Suppose 18*o - p - 1 = 0. What are the prime factors of o?
2, 3, 7
Let b(g) be the third derivative of 0*g**5 - 1/120*g**6 + 0 + 0*g**4 + 0*g + 15*g**2 + 44/3*g**3. List the prime factors of b(0).
2, 11
Let r(q) = 10*q**3 + 12*q**2 - 26*q + 44. List the prime factors of r(5).
2, 3, 61
Let f(o) = o**3 + 13*o**2 - 4*o + 22. Let h be f(-14). Let q = -99 - h. List the prime factors of q.
19
Let z(t) = -2*t**2 + 26*t - 20. Let k be z(12). List the prime factors of (-69*k/16)/((-4)/192).
2, 3, 23
Let c(s) = s**3 + 12*s**2 + 6*s + 8. Let a be c(-8). Suppose -4*v + 26 = -4*d + 342, -a = -3*d - 4*v. List the prime factors of d.
2, 19
Let v(z) = 55*z**2 + 11*z - 21. Let t be v(2). Let x = t + -9. What are the prime factors of x?
2, 53
Let f = 157 - 153. Suppose 2*m = -3*c + 25, -m = -0*c + 3*c - 20. Suppose f*w = c*x + 297, -5*w + 0*w = -x - 387. List the prime factors of w.
2, 3, 13
What are the prime factors of 2/((-4)/30*-3)*(-36404)/(-76)?
5, 479
Suppose 2*f = 3*g - 52, 2*g - 6 = g - 5*f. Suppose -g*s + 400 = -64. Let t = s + 181. List the prime factors of t.
2, 3, 5, 7
Let p(s) = 11*s**3 - 19*s**2 - 9*s + 6. Let w(l) = 13*l**3 - 20*l**2 - 10*l + 6. Let r(j) = 6*p(j) - 5*w(j). What are the prime factors of r(15)?
3, 19
Let f be ((-16216)/(-4) + 4)*2/4. Suppose -2*z + f = 3*g, -5*g - 5*z + 3380 = -0*z. List the prime factors of g.
677
Suppose -4*t + 3568 - 848 = 0. Suppose 272 = 2*x - 4*k, 5*k + t = -0*x + 5*x. List the prime factors of x.
2, 17
What are the prime factors of (-13574 - (-13 - 1))/((-4)/6)?
2, 3, 5, 113
What are the prime factors of -269*(0/7 - 19)?
19, 269
Suppose -10*x - 25 = -15*x. Suppose -u = -x*u. Suppose 2*t = -2*l - t + 46, 3*l - 3*t - 84 = u. What are the prime factors of l?
2, 13
What are the prime factors of (1 + 7)/4*-1 + (2 - -20061)?
3, 743
Suppose s = 4*v - 824, -5*v - 7*s + 1051 = -3*s. Let u = v + -8. List the prime factors of u.
199
Let a = -3891 + 10237. List the prime factors of a.
2, 19, 167
Let u be -2 - (5*(-12)/(-20) - 15). Let k = 1176 - u. What are the prime factors of k?
2, 11, 53
Let y(k) = 422*k - 5. Let x be y(4). Suppose -x - 2193 = -17*w. List the prime factors of w.
2, 3, 19
Let b = 937 - 810. List the prime factors of b.
127
Suppose 22*s - 2648 = 37854. What are the prime factors of s?
7, 263
Suppose 11*j - 2*j - 50898 = 34440. What are the prime factors of j?
2, 11, 431
Let z(h) = 2*h + 15. Let c be z(11). Suppose 3963 = 4*m - 5*r, -6 = c*r - 35*r. What are the prime factors of m?
3, 7, 47
List the prime factors of 903565/325 - (0 - (-2)/10).
2, 5, 139
Let m = 266 - 26